 23. Give m(c).
6
Let q(b) = b. Let u be q(4). Let v(k) be the first derivative of -k**5/120 - k**4/24 + 2*k**3/3 - 2. Let s(p) be the third derivative of v(p). Determine s(u).
-5
Let g(z) = z**2 - 2*z + 1. Let m(u) = -5*u + 3*u**2 + 2 + 0*u**2 - u**2. Let f(o) = 8*g(o) - 3*m(o). What is f(2)?
8
Suppose 0 = 5*r - 2*s - 13, -3*s = -3*r - 8*s - 17. Suppose 2*z = -10, -4*o = 3*z - 0*z + 7. Let j(y) = -1 - 1 - y**3 + 3 + o*y**2 - 3*y**2. Give j(r).
-1
Let s = 4 - 1. Let b = -2 + s. Let z = 5 - b. Let o(a) = a - 2. Calculate o(z).
2
Let m(y) = -15*y + 27*y**2 + 7*y - 28*y**2 - 2 - 1. What is m(-4)?
13
Suppose 0*w + 5*o = -2*w + 12, 2*o - 6 = -2*w. Suppose 3*f - 2*f - 6 = 0. Let c(i) = 1 - f*i + 4*i + 3*i. What is c(w)?
2
Let s(k) be the third derivative of k**4/12 - 7*k**3/6 - 6*k**2. Calculate s(5).
3
Let d(g) be the first derivative of -3 - 1/2*g**2 + 2*g. Suppose 0 = -0*q + 4*q - 12. What is d(q)?
-1
Let d = 1 + 2. Let q(o) = -d*o - 4 + 3 - 2*o**2 + 5*o - o**3. What is q(1)?
-2
Let m(p) = -p**2 - 5*p + 7. Let j be 9/((-15)/(-6) + -1). Let b = j + -11. Calculate m(b).
7
Let s(l) be the third derivative of -l**5/20 + l**4/12 - l**3/6 + l**2. Determine s(1).
-2
Let x(b) = -5*b**2 + 9 - 3*b - 5 + 4*b**2. Suppose -3*a = -5*a - 8. Determine x(a).
0
Let g(j) = j**3 + 4*j**2 - 2*j - 6. Suppose -5*o = 20 - 0. Let b be g(o). Let y(s) = -4 + 2*s**b + 3 + 4*s - 5*s + s**3. Calculate y(-2).
1
Let s(d) be the third derivative of -d**5/60 + d**4/4 - 5*d**3/6 + d**2. Let m be 2 - 12/(3/(-1)). Give s(m).
-5
Let i(j) = -6*j - 1. Let x(a) = 7*a + 1. Suppose n - 12 = -3*n. Let p(r) = n*x(r) + 2*i(r). Calculate p(1).
10
Let p(k) be the first derivative of -k**6/360 - k**5/30 + k**4/12 + 2*k**3/3 + 2. Let o(d) be the third derivative of p(d). Let b = 3 + -8. Calculate o(b).
-3
Let s = -29 + 49. Suppose -4*z - s = -9*z. Let p(b) = -1 + 2*b**2 - 1 - 4*b - 3. What is p(z)?
11
Let t(k) be the first derivative of -k**2/2 - 2*k - 12. Calculate t(-3).
1
Let u(j) = -2*j - 25. Let v be u(-10). Let d(c) = c**2 + 6*c + 6. Determine d(v).
1
Let m(t) = t**2 + t + 4*t**2 - 4*t**2 + 0*t**2 - 2. What is m(-2)?
0
Let g(o) = -4*o + 3*o - 1 + 3*o - o. Determine g(-6).
-7
Let i(z) = 4*z - 4. Suppose 13*r - 25 = 27. Determine i(r).
12
Suppose 6*f - 3*f - 6 = 0. Let x(p) be the first derivative of -4*p - 1 + 1/2*p**f. Give x(-3).
-7
Let c(b) = b**2 - 3*b - 1. Let s(x) = x**2 + x + 1. Let u(z) = c(z) - 2*s(z). Let a be u(-3). Let y(q) = -4*q**2 + 5*q + 0 + q**3 + 0 - 4. What is y(a)?
2
Let w(d) = d**3 + 4*d**2 - 6*d - 7. Let g be ((-11)/(-3) - 2)*-3. Give w(g).
-2
Suppose -5*m = -16 - 24. Let v(c) = c - 1. What is v(m)?
7
Let k(g) = 3*g**2 + 4*g - 3. Let w(t) = 7*t**2 + 8*t - 7. Let x(h) = -5*k(h) + 2*w(h). Let o be x(-4). Let y(v) = -v + 1. What is y(o)?
0
Let d(l) = 6*l**2 + l - 1. Let f(r) = -r**2 - 5*r + 5. Let t be f(-5). Suppose 0 = 4*g + 1 - t. What is d(g)?
6
Let l(x) be the second derivative of 0*x**4 - 3*x + 0 + 1/6*x**3 + 1/2*x**2 - 1/20*x**5. Determine l(-1).
1
Let d(f) = -f**3 + 7*f**2 - 8*f - 4. Let v = -92 - -98. Determine d(v).
-16
Let w(u) be the first derivative of -5*u**2/2 - 8*u - 6. Determine w(-7).
27
Let o(m) = 4 + 98*m - 101*m + 2 - 4 + 0. Suppose 0 = 2*j + 4, -t + 4*j + 9 = j. Give o(t).
-7
Let r(a) be the third derivative of a**5/60 + a**4/24 + a**3/3 - 2*a**2. Suppose 0 = -2*t - 3*t. Give r(t).
2
Let x(u) be the second derivative of -1/6*u**3 - 4*u + 0 - 1/2*u**2. Give x(0).
-1
Let q(g) = -g**2 + g + 9. Let l be q(0). Suppose -4*r - 81 = -5*f, 0 = 2*f - f + 4*r + 3. Let p = f - l. Let c(h) = -h**3 + 4*h**2 - 5. Determine c(p).
-5
Let h(z) = z**3 - 3*z**2 + 1. Let o(t) be the third derivative of -t**6/120 - t**5/60 + t**4/12 + t**3/2 + 2*t**2. Let w be o(-2). Calculate h(w).
1
Let q(g) = 5*g**3 - 11*g**2 - 4*g - 15. Let s(c) = -c**3 + 2*c**2 + c + 3. Let n(o) = 2*q(o) + 11*s(o). Calculate n(-2).
5
Let w(a) = 14 - a - 2 + 2*a**2 - a**2. What is w(0)?
12
Let q(l) = 116*l**2 - 6*l - 56*l**2 + 5 - 61*l**2. What is q(-5)?
10
Let y(g) = -g**2 + g + 0*g + 0*g**2 + 3*g**3. Suppose 13*q - 9*q = 4. Give y(q).
3
Let s(h) = -4*h - 1. Let y(f) = -f - 2. Let u be y(-4). Suppose 6*t + 8 = u*t. What is s(t)?
7
Suppose 3*o + 5*v + 14 = 0, 6*o - 2*o + 4*v = -8. Let c(j) = -j**2 + 1. What is c(o)?
-3
Let g(f) be the first derivative of f**2/2 - 5*f + 1. Let m be (-4)/(1/(6/(-4))). Let w(o) = -o + 6. Let t be w(m). Determine g(t).
-5
Let y(v) = -2*v**2 + 8*v + 6. Let j(g) = g**2 - 4*g - 3. Let d(s) = -11*j(s) - 6*y(s). What is d(4)?
-3
Let s(v) = -v**3 - 4*v**2 + 4*v - 1. Suppose -x = 3*b - 6*b - 30, -b - 15 = -2*x. Let k be 0 + b/(-6)*2. Let w = -2 - k. Calculate s(w).
4
Let d(a) = -5*a - 1. Let t(z) = -2*z - 1. Let c(b) = -4*d(b) + 9*t(b). Let m(q) = -q**2 + 8. Let g be m(0). Let u = -4 + g. Determine c(u).
3
Let k(n) = -6*n - 2*n + 2 + 34*n**2 + 2 - 33*n**2. Give k(7).
-3
Let t(q) = 5*q**2 - 7*q + 5. Let n(w) = -4*w**2 + 7*w - 4. Let o(s) = -6*n(s) - 5*t(s). Suppose -g - 2*g + 31 = -4*f, -5*f = 5. Let r = -15 + g. Calculate o(r).
5
Let p(r) = 4*r - r - r + 5*r. Suppose -5*m + 2*i - 1 = 0, 4*m + 3*i - i = -8. Calculate p(m).
-7
Let z(v) = v**2 - 11*v + 13. Let t be z(10). Let i be (-20)/(-4)*(t + -2). Let n(p) = p**2 - 4*p + 2. Determine n(i).
7
Let s(r) = -3*r**3 - 2*r - 4. Let v(m) = -4*m**3 - 2*m - 5. Let d(y) = -3*s(y) + 2*v(y). Let h(g) = -g**3 + 2*g**2 - 2*g + 2. Let k be h(2). Determine d(k).
-10
Let y(p) = p**2 - p + 1. Let o = -18 + 16. Give y(o).
7
Let c(i) be the first derivative of -i**3/3 + 7*i**2/2 - 2*i + 4. What is c(7)?
-2
Let j(q) = q - 1. Let f be j(-3). Let g(o) = 5*o**2 - 8*o + 6. Let n(z) = -11*z**2 + 16*z - 13. Let k(i) = f*n(i) - 9*g(i). Determine k(6).
10
Let x(k) = -10 + k - 2*k + 2*k. Let w be 116/12 - 3 - (-2)/6. Calculate x(w).
-3
Let p be (-1)/(9/3 + -4). Let u(g) = -4*g**2 + g - 1. Give u(p).
-4
Let c be -3 + (-3)/3 + 0. Let y be 3/(-6) + (-2)/c. Let g(k) = k**3 + k**2 - k + 2. What is g(y)?
2
Let v(g) = -g**3 + 7*g**2 + 4*g + 2. Let h be v(7). Suppose -5*z = 25, 4*z + h = 3*b + 10. Let s(f) = f**3 - f**2 + f + 2. Determine s(b).
2
Let c(b) = -90*b + 89*b - 2 + 9. What is c(5)?
2
Let j(b) = -b + 4. Let r be (-3 + 2)/((-2)/38). Suppose 5*l + 2*n = r, -5*l + 4 + 1 = -5*n. Determine j(l).
1
Let v(f) = 2*f - 3. Let q = -10 + 14. Calculate v(q).
5
Let s(b) = b. Let t = 10 + -7. Suppose t*j = 6*j + 18. What is s(j)?
-6
Let j(c) = -5*c. Let i(s) = -s. Let n(y) = -3*i(y) - j(y). Suppose 3*h = -0*r + 2*r - 5, -r + 3 = -h. Calculate n(h).
8
Let d be (-1)/(-2)*(2 - -4). Let l(h) = 2*h**3 - 6*h**3 - 4*h + 4*h**2 + 3*h**3. Give l(d).
-3
Let b = 16 - 12. Let u(w) = -2*w - 2. Calculate u(b).
-10
Let t(b) = b**3 + 4*b**2 - 2*b - 6. Let h be t(-4). Suppose 5*r + 13 = -h. Let z(g) = -2*g**2 - 5*g - 3. Determine z(r).
-6
Let u(c) = -4*c - 1. Let l = 11 - 10. What is u(l)?
-5
Suppose -5*k + 2*j - 4*j + 103 = 0, -45 = -3*k + 3*j. Suppose -4*x + 23 = -5*c - 2, 0 = c + 4*x - k. Let h(o) = o + 2*o**2 + 4*o**2 + 4*o**2. Calculate h(c).
9
Let p(f) = -14*f - 3. Let h(g) = g**2 - 4*g - 2. Let a be h(4). Let q be p(a). Let m be (3 - 1)/((-10)/q). Let r(l) = l + 1. Calculate r(m).
-4
Let d(s) = s**2 - s - 4. Let q be d(3). Let m(o) = -o + q*o - 5 + 2*o - 2*o. Suppose -5*j + 11 + 9 = 0. Determine m(j).
-1
Let w(q) = q**2 + 7*q + 3. Let z(o) = 2*o**2 + 13*o + 5. Suppose -4*h - h = -15. Let m(a) = h*z(a) - 5*w(a). Calculate m(-4).
0
Suppose -33 - 21 = -9*h. Let w(i) = i - 7. Determine w(h).
-1
Suppose 5*a + 33 = 18. Let w(p) = -p**3 - 3*p**2 - p - 4. Calculate w(a).
-1
Suppose 0 = 3*z - 3 - 12. Suppose -z = -0*t + t. Let s(b) = b**3 + 5*b**2 - 2*b - 2. Determine s(t).
8
Let t(k) = -3*k**2 - k. Let a(c) = c**2 + c. Let f(v) = 2*a(v) + t(v). Let r = 2 + -5. Calculate f(r).
-12
Suppose -4*s = -7*s + 6. Let o(p) = s - 2*p**3 + 47*p - 45*p + 3*p**2 + 3*p**3. Determine o(-3).
-4
Let p(d) = -d**3 - d**2 + d + 7. Let m(j) = 2*j**3 + 3*j**2 - 2*j - 14. Let x(w) = -4*m(w) - 7*p(w). Give x(-5).
2
Let o(i) be the first derivative of -i**3/3 + 2*i**2 - 6*i + 18. Determine o(4).
-6
Let b(g) = -g. Let f be b(-1). Let q(h) = -h - 1. Let l(m) = -2*m**2 + 3*m + 3. Let j be (1/(-2))/((-2)/(-16)). Let o(u) = j*l(u) - 12*q(u). What is o(f)?
8
Let u(k) = 2*k + 2 - 1 - 4*k. Let v be ((-2)/(-2))/(2/4).